{"id":4624,"date":"2017-04-05T19:00:52","date_gmt":"2017-04-05T19:00:52","guid":{"rendered":"https:\/\/volvertours.com\/?page_id=4624"},"modified":"2018-01-11T13:43:56","modified_gmt":"2018-01-11T13:43:56","slug":"conciergerie","status":"publish","type":"page","link":"https:\/\/www.volvertours.com\/index.php\/fr\/conciergerie\/","title":{"rendered":"Conciergerie"},"content":{"rendered":"<p>[vc_row content_width=&#8221;grid&#8221; css=&#8221;.vc_custom_1513073885285{padding-top: 50px !important;padding-bottom: 71px !important;background-color: #f9f9f9 !important;}&#8221;][vc_column width=&#8221;1\/2&#8243; offset=&#8221;vc_col-md-6&#8243;][vc_column_text]Vous avez une demande pr\u00e9cise, urgente, une envie vague, un d\u00e9sir fou ? Un billet de concert introuvable ? Un jet priv\u00e9 \u00e0 prendre au plus vite ? L\u2019organisation d\u2019un repas sur un site spectaculaire, au milieu des glaciers de Patagonie, de la Brousse africaine, ou sur une plage de r\u00eave\u00a0?<\/p>\n<p>Gr\u00e2ce \u00e0 ses nombreuses connexions, l\u2019\u00e9quipe de Volver met \u00e0 votre d\u00e9position un service de conciergerie de luxe charg\u00e9 de r\u00e9pondre \u00e0 tous vos besoins.<\/p>\n<p>S\u00e9jour dans une villa ou dans un h\u00f4tel d\u2019exception, croisi\u00e8re dans un yacht de luxe, voyage en jet priv\u00e9 ou en voiture priv\u00e9e avec ou sans chauffeur, r\u00e9servation de billets pour des manifestations culturelles, organisation d\u2019\u00e9v\u00e8nements insolites et tr\u00e8s VIP\u2026 avec Volver, tout devient possible\u00a0!<\/p>\n<p>Faite confiance \u00e0 l\u2019engagement absolu de notre \u00e9quipe d\u2019experts. Nous cr\u00e9erons vos voyages et \u00e9v\u00e8nements, et r\u00e9pondrons \u00e0 vos demandes dans une approche personnelle et unique selon vos d\u00e9sirs et vos r\u00eaves.[\/vc_column_text][vc_empty_space height=&#8221;50&#8243;][\/vc_column][vc_column width=&#8221;1\/2&#8243; css=&#8221;.vc_custom_1513073942530{padding-top: 30px !important;}&#8221;][vc_single_image image=&#8221;5812&#8243; img_size=&#8221;large&#8221;][\/vc_column][\/vc_row]<\/p>\n","protected":false},"excerpt":{"rendered":"<p>[vc_row content_width=&#8221;grid&#8221; css=&#8221;.vc_custom_1513073885285{padding-top: 50px !important;padding-bottom: 71px !important;background-color: #f9f9f9 !important;}&#8221;][vc_column width=&#8221;1\/2&#8243; offset=&#8221;vc_col-md-6&#8243;][vc_column_text]Vous avez une demande pr\u00e9cise, urgente, une envie vague, un d\u00e9sir fou ? Un billet de concert introuvable ? Un jet priv\u00e9 \u00e0 prendre au plus vite ? L\u2019organisation d\u2019un repas sur un site spectaculaire, [&hellip;]<\/p>\n","protected":false},"author":1,"featured_media":0,"parent":0,"menu_order":0,"comment_status":"closed","ping_status":"closed","template":"full-width.php","meta":{"om_disable_all_campaigns":false,"_mi_skip_tracking":false,"_exactmetrics_sitenote_active":false,"_exactmetrics_sitenote_note":"","_exactmetrics_sitenote_category":0},"_links":{"self":[{"href":"https:\/\/www.volvertours.com\/index.php\/wp-json\/wp\/v2\/pages\/4624"}],"collection":[{"href":"https:\/\/www.volvertours.com\/index.php\/wp-json\/wp\/v2\/pages"}],"about":[{"href":"https:\/\/www.volvertours.com\/index.php\/wp-json\/wp\/v2\/types\/page"}],"author":[{"embeddable":true,"href":"https:\/\/www.volvertours.com\/index.php\/wp-json\/wp\/v2\/users\/1"}],"replies":[{"embeddable":true,"href":"https:\/\/www.volvertours.com\/index.php\/wp-json\/wp\/v2\/comments?post=4624"}],"version-history":[{"count":11,"href":"https:\/\/www.volvertours.com\/index.php\/wp-json\/wp\/v2\/pages\/4624\/revisions"}],"predecessor-version":[{"id":6096,"href":"https:\/\/www.volvertours.com\/index.php\/wp-json\/wp\/v2\/pages\/4624\/revisions\/6096"}],"wp:attachment":[{"href":"https:\/\/www.volvertours.com\/index.php\/wp-json\/wp\/v2\/media?parent=4624"}],"curies":[{"name":"wp","href":"https:\/\/api.w.org\/{rel}","templated":true}]}}